*z - 2. What is t(11)?
20
Let s(j) = 5*j - 8. Give s(4).
12
Let h(b) = 2*b + 10. What is h(5)?
20
Let c(l) = 14*l - 65. Calculate c(15).
145
Let q(g) = -g**3 + 3*g**2 + g - 4. Calculate q(4).
-16
Let k(y) = -y**3 - 12*y**2 - 20*y - 15. What is k(-9)?
-78
Let t(n) = -4*n + 28. Determine t(6).
4
Let j(b) = 5*b - 3. Determine j(5).
22
Let a(n) = -n**2 + 5*n - 8. Give a(7).
-22
Let m(d) = -d**3 - 6*d**2 + 8*d + 12. What is m(-7)?
5
Let m(d) = -2*d**2 + 48*d + 49. What is m(25)?
-1
Let t(i) = 221*i - 442. Give t(2).
0
Let d(r) = r**3 + 8*r**2 - 4*r + 15. Give d(-8).
47
Let w(s) = s**3 + 8*s**2 - 2*s - 10. Calculate w(-7).
53
Let c(r) = 3*r + 182. Calculate c(-63).
-7
Let x(u) = u**3 + 11*u**2 + u + 41. What is x(-12)?
-115
Let q(n) = n**3 + 9*n**2 + 14*n - 10. Determine q(-7).
-10
Let s(k) = -k**2 + 8*k - 2. Give s(6).
10
Let g(d) = 18*d - 275. Give g(15).
-5
Let f(m) = -m**3 + 5*m**2 - m - 6. Give f(4).
6
Let v(g) = -3*g**2 - 2*g + 8. Give v(2).
-8
Let c(i) = -i**2 - 12*i - 49. Determine c(-6).
-13
Let p(v) = v**3 - 2*v + 3. Calculate p(-3).
-18
Let x(c) = 4*c**3 - 3*c**2 + 1. Determine x(1).
2
Let s(k) = 5*k - 18. Give s(8).
22
Let t(q) = q**2 - 7*q - 1. Determine t(5).
-11
Let k(f) = f**2 - 11*f + 11. What is k(5)?
-19
Let o(m) = -m**3 + 5*m**2 + 9*m - 25. What is o(6)?
-7
Let i(h) = 5*h**3 + 2*h**2. Give i(-2).
-32
Let y(t) = t - 4. Give y(0).
-4
Let m(g) = -g**3 - 3*g**2 + 14*g - 16. Calculate m(-6).
8
Let a(y) = -y**2 + 19*y - 47. Calculate a(3).
1
Let p(g) = -10*g + 12. Calculate p(3).
-18
Let z(u) = -55*u + 277. Determine z(5).
2
Let n(x) = -14*x - 114. Calculate n(-8).
-2
Let x(q) = -4*q**2 + 174*q + 92. Determine x(44).
4
Let o(h) = h - 3. Determine o(-11).
-14
Let j(t) = 2*t**2 + 16*t - 211. Determine j(-15).
-1
Let f(a) = -a**3 - 6*a**2 + 2*a + 3. What is f(-5)?
-32
Let y(n) = 7*n - 104. Calculate y(12).
-20
Let v(u) = u**3 - 12*u**2 + 7*u - 7. Determine v(12).
77
Let p(d) = -7*d**2 - 6*d. Give p(-3).
-45
Let j(g) = -2*g - 7. Give j(-9).
11
Let b(z) = z**3 - 9*z**2 + 19*z - 5. Determine b(6).
1
Let g(t) = t**3 + 10*t**2 - 5*t - 20. Calculate g(-10).
30
Let w(x) = -x**2 + 5*x - 9. Give w(7).
-23
Let c(u) = -6*u - 101. Determine c(-17).
1
Let t(j) = 3*j**3 - j**2 + 2*j - 1. What is t(1)?
3
Let o(n) = -4*n**2 + 5*n - 12. What is o(4)?
-56
Let y(z) = -3*z**3 - z**2 + 6*z + 7. Calculate y(-2).
15
Let u(k) = 3*k - 9. Determine u(0).
-9
Let x(i) = -5*i**2 + 13*i + 3. Calculate x(3).
-3
Let i(j) = j**3 + 7*j**2 - 10*j + 6. Give i(-8).
22
Let c(u) = -3*u**2 - 25*u - 17. Determine c(-9).
-35
Let c(s) = -s**3 - s**2 + 5*s + 6. Give c(0).
6
Let o(i) = 2*i**3 - 16*i**2 + i + 5. What is o(8)?
13
Let r(p) = -p + 4. Give r(8).
-4
Let t(p) = -p**3 - 2*p**2 + 10*p + 15. Calculate t(-5).
40
Let r(c) = -c**2 - 21*c - 20. Calculate r(-18).
34
Let n(f) = f**2 + 5*f + 9. Give n(-4).
5
Let i(s) = -14*s + 128. Calculate i(21).
-166
Let b(o) = -o**3 - 11*o**2 - 17*o + 7. Determine b(-9).
-2
Let c(v) = 33*v + 577. Give c(-18).
-17
Let k(n) = -n**2 + 17*n - 35. What is k(12)?
25
Let n(u) = 3*u + 18. Give n(-10).
-12
Let n(c) = -c + 12. Determine n(-6).
18
Let l(p) = -45*p - 10. Calculate l(-1).
35
Let p(m) = m**2 + 13*m - 519. What is p(-30)?
-9
Let o(z) = 73*z**3 + 2*z**2 - 3*z - 3. What is o(-1)?
-71
Let s(p) = -11*p**3 - 65*p**2 + 4*p + 1. Determine s(-6).
13
Let c(p) = -21*p + 10. Determine c(-1).
31
Let h(n) = -6*n**2 - 4*n - 3. Determine h(-1).
-5
Let u(k) = k**2 + 2*k - 4. Calculate u(-3).
-1
Let f(s) = -s**2 - 12*s - 3. Determine f(-9).
24
Let t(m) = m**3 - 11*m**2 + 12*m - 12. Determine t(10).
8
Let c(v) = 14*v + 95. Give c(-7).
-3
Let s(v) = -12*v + 3. What is s(6)?
-69
Let s(l) = 4*l**2 - 29*l - 17. Determine s(8).
7
Let z(v) = -7*v**2 + 2. Determine z(2).
-26
Let t(q) = -7*q + 14. Give t(6).
-28
Let g(x) = -x**2 - 10*x + 20. Give g(0).
20
Let f(z) = z**2 - 5*z - 43. What is f(-6)?
23
Let l(k) = -k - 6. Give l(-6).
0
Let v(c) = -c + 5. Give v(4).
1
Let s(d) = -2*d + 12. Calculate s(5).
2
Let b(v) = -28*v + 3. Give b(-2).
59
Let w(d) = d**2 + 11*d + 9. What is w(-5)?
-21
Let r(w) = -w**3 + 6*w**2 - 3. Give r(3).
24
Let y(l) = -l**2 + 8*l - 7. Calculate y(5).
8
Let u(v) = 5*v - 14. Give u(12).
46
Let n(q) = -2*q + 5. Calculate n(-8).
21
Let i(s) = -2*s + 1. What is i(-6)?
13
Let k(o) = -14*o + 57. Calculate k(5).
-13
Let n(x) = x**3 - 8*x**2 + 16*x + 6. What is n(5)?
11
Let h(f) = -f**3 + 8*f**2 - f - 10. Determine h(8).
-18
Let d(y) = y**3 + 6*y**2 + 2*y - 9. Calculate d(-5).
6
Let g(d) = -2*d + 7. Give g(11).
-15
Let y(h) = -h**2 - 2*h - 7. Calculate y(-4).
-15
Let d(j) = 3*j - 40. Calculate d(10).
-10
Let g(x) = -2*x**2 + 13*x - 10. Give g(8).
-34
Let p(y) = 29*y + 47. Determine p(-2).
-11
Let i(s) = -6*s + 6. What is i(3)?
-12
Let h(p) = -12*p - 34. Give h(-4).
14
Let c(r) = -64*r + 12. Calculate c(1).
-52
Let n(c) = -3*c + 4. What is n(-3)?
13
Let j(i) = -i**2 + 14*i - 47. Calculate j(5).
-2
Let w(p) = p**2 + 12*p + 6. Give w(-2).
-14
Let m(y) = -y + 10. Determine m(0).
10
Let o(w) = -w**2 - w. What is o(-2)?
-2
Let g(a) = 2*a**2 + 31*a - 11. What is g(-16)?
5
Let p(k) = -k**3 + 22*k**2 - 39*k - 25. Give p(20).
-5
Let v(l) = -l**3 - 2*l**2 + 5*l + 5. What is v(-4)?
17
Let l(q) = 3*q**2 - 12*q - 5. Calculate l(6).
31
Let i(t) = -4*t - 10. Give i(9).
-46
Let z(c) = 3*c - 2. Give z(0).
-2
Let v(m) = 2*m**3 + 22*m**2 + 20*m + 2. Determine v(-10).
2
Let y(b) = -b + 7. What is y(10)?
-3
Let n(h) = -3*h**2 + 7*h - 10. What is n(3)?
-16
Let r(q) = -2*q - 7. Determine r(11).
-29
Let f(c) = c**3 + 25*c**2 + 25*c - 5. What is f(-24)?
-29
Let d(i) = -i**3 - 4*i - 8. What is d(0)?
-8
Let p(y) = -8*y + 2. Calculate p(6).
-46
Let r(x) = 2*x**2 - 32*x - 10. Calculate r(17).
24
Let b(v) = 14*v + 3. What is b(2)?
31
Let x(g) = -g**2 + g - 2. Calculate x(0).
-2
Let l(t) = -t - 11. What is l(-10)?
-1
Let a(f) = 22*f - 21. Give a(1).
1
Let s(z) = z**3 + 21*z**2 + 42*z + 25. Give s(-19).
-51
Let u(m) = -2*m - 9. Give u(-2).
-5
Let m(b) = -b**2 + 2*b + 3. Give m(-2).
-5
Let o(g) = -g**3 - 3*g**2 - 2*g - 3. What is o(-3)?
3
Let b(f) = -92*f + 91. Give b(1).
-1
Let z(j) = -j**3 + 9*j**2 + 19. What is z(9)?
19
Let u(q) = -q - 20. Determine u(-5).
-15
Let v(g) = g + 8. Give v(-8).
0
Let j(p) = p**3 - 24*p**2 + p - 28. Give j(24).
-4
Let q(y) = 5*y**2 + 4*y - 1. Give q(-4).
63
Let p(o) = -2*o**3 + 52*o**2 - o + 31. Determine p(26).
5
Let o(g) = 4*g**2. Give o(1).
4
Let p(g) = 31*g**2 + g. What is p(1)?
32
Let t(s) = 17*s**3 - 2*s**2 + s + 2. Calculate t(-1).
-18
Let q(n) = n**2 + 20*n - 40. Calculate q(-22).
4
Let a(t) = -t**3 + 17*t**2 - 15*t + 7. Give a(16).
23
Let a(u) = u**3 - u**2 - 98. Give a(0).
-98
Let c(n) = 2*n**3 - 9*n**2 + 2*n - 3. Give c(4).
-11
Let f(a) = -4*a - 9. Determine f(-3).
3
Let y(l) = -4*l**2 - 135*l + 28. Give y(-34).
-6
Let w(o) = o**2 - 4*o + 1. Determine w(-4).
33
Let y(i) = 3*i + 44. Calculate y(-19).
-13
Let d(y) = -y**2 + 9*y - 14. Give d(11).
-36
Let r(p) = 10*p - 107. Calculate r(7).
-37
Let q(a) = 5*a**2 - 1. Calculate q(-2).
19
Let k(b) = -7*b**2 - 5*b + 1. What is k(-2)?
-17
Let l(d) = -14*d + 2. Give l(-4).
58
Let d(g) = -g**3 - 19*g**2 - 16*g + 12. Calculate d(-18).
-24
Let w(i) = -24*i**2 + 5*i - 1. What is w(2)?
-87
Let q(r) = -47*r**2 + r + 4. What is q(-2)?
-186
Let t(r) = -r**3 - 2*r**2 - 1. Give t(-2).
-1
Let u(t) = 13*t - 65. Give u(5).
0
Let j(v) = -v**3 + 8*v**2 + 5*v. Calculate j(8).
40
Let o(s) = s**2 - 6*s + 2. Determine o(8).
18
Let x(u) = -u**3 - 7*u**2 + 17*u - 2. Calculate x(-9).
7
Let k(s) = 8*s + 53. Calculate k(-6).
5
Let w(z) = z**3 - 7*z**2 - 5*z + 5. Calculate w(8).
29
Let j(z) = 6*z + 4. What is j(0)?
4
Let r(q) = -q**2 - 15*q - 18. Give r(-16).
-34
Let g(v) = v + 1. Calculate g(10).
11
Let l(z) = -5*z + 93. Determine l(17).
8
Let z(j) = j**3 - 10*j**2 - 10*j + 3. Calculate z(11).
14
Let y(o) = -o**2 - 3*o - 7. What is y(-5)?
-17
Let p(a) = a**3 - 2*a**2 + 4. What is p(-2)?
-12
Let d(p) = p**3 - 3*p**2 + 6*p - 8. Calculate d(2).
0
Let y(z) = -z**3 + 8*z**2 - 9*z + 8. What is y(7)?
-6
Let q(t) = -t - 5. What is q(6)?
-11
Let b(z) = 13*z**2 + 155*z - 6. Determine b(-12).
6
Let z(c) = c**2 + 5*c + 12. Give z(-7).
26
Let z(f) = 24*f + 44. Determine z(-3).
-28
Let i(c) = 2*c**2 + 7*c + 5. What is i(-6)?
35
Let u(o) = 